/4)/(1/(-14)). Suppose -9*z = -4*z - k. Suppose 0 = -l + g + 3, 4*l - 1 = 5*g + 11. What is the highest common factor of z and l?
3
Let j = 136 - 130. What is the highest common factor of 96 and j?
6
Suppose 0 = -8*f + 688 + 912. What is the highest common divisor of f and 80?
40
Let g be ((-271)/(-2))/((-11)/(-22)). Suppose 4*i + 2*l - 139 = 221, 3*i + l = g. Calculate the highest common factor of i and 13.
13
Suppose 15*v = 12*v + 33. Calculate the greatest common divisor of 99 and v.
11
Suppose x = v - 0 + 5, 5*v + 4*x + 34 = 0. Let s = 11 + v. Let a be (-219)/(-4) + 5/20. Calculate the highest common divisor of s and a.
5
Let x be (-3)/3 + -2 + 3. Let b(l) = -l**3 - l**2 + 71. Let u be b(x). Suppose 0 = -5*y + 196 - u. What is the highest common factor of 175 and y?
25
Suppose 636 = 7*i - 120. Let n be 3 + (-1 - (-1)/1). Suppose -n*d = v - 165, v = 3*d - i - 57. What is the greatest common factor of 5 and d?
5
Let f(c) = -c - 6. Let x = 6 - 14. Let w be f(x). Calculate the highest common factor of w and 3.
1
Suppose -128 = -4*x + 40. Let d be (0 - 1)*(1 - x). Suppose -3*w = -4*c + 43, w - 2*w = -4*c + d. Calculate the greatest common divisor of 110 and c.
10
Let o(y) = 151*y - 3. Let q be o(3). Suppose -78 - q = -4*i. What is the greatest common divisor of 12 and i?
12
Let y be (-14770)/(-56) + (-2)/(-8). Let f = y + -143. Calculate the highest common divisor of 11 and f.
11
Let d be 20 + 0/((-2)/2). Let b be 8/(-40) + (-52)/(-10). Calculate the highest common factor of d and b.
5
Suppose -6*t + 7 = -5*t. Let a be (2 - -1)/(12/8). Suppose -4*d - 5*x = -145, 0 = a*d + x + 11 - 82. Calculate the greatest common divisor of t and d.
7
Let r = -5 - -53. What is the highest common divisor of 72 and r?
24
Let r(l) = -3*l**2 - 4*l. Let f be r(-3). Let z be f/2*8/(-6). Calculate the greatest common divisor of 25 and z.
5
Suppose 3*a - 11 = -m, m - a = 4*m - 9. Calculate the highest common divisor of m and 22.
2
Suppose -u = d - 4, 3*u = d + 5 + 7. Let s be ((-15)/(-4) + d)*4. Suppose -2*o = -o - 30. Calculate the highest common factor of s and o.
15
Let m = -11 + 53. Let q = 22 + -16. Calculate the greatest common divisor of q and m.
6
Let i be -3*(1/3 - 1). Suppose -u - 4*r = -2*u - i, 3*u - 3 = 3*r. Let z be u*2*(1 + 0). What is the highest common divisor of 32 and z?
4
Suppose -3*l - 2*l + 4*h = -26, 5*h + 16 = -2*l. Let k(q) = -q**3 + 15*q + 1 - 3 - 6*q + 5*q**2. Let i be k(6). What is the highest common factor of i and l?
2
Suppose -3*g + p = -2, -4*g + 0*p = -p - 4. Suppose 17 = -j - 5*h, -4*j + g*j - 4*h - 4 = 0. What is the highest common factor of j and 1?
1
Let l(g) = g**3 + 2*g**2 + g + 1. Let a be l(-1). Let s(f) = f + 3. Let k be s(-3). Let o = k + 5. Calculate the greatest common factor of o and a.
1
Suppose -24 = -5*t + 2*t. Let l be 1/2 - (-47)/2. What is the greatest common divisor of t and l?
8
Let o(k) = -5*k + 4. Let v be o(-9). Let j be 21/v + (-204)/(-14). Let z = -21 + 51. Calculate the highest common factor of j and z.
15
Suppose -d = -w - 4*d, -5*d = -4*w + 17. Suppose -w*z + 25 = -5. What is the greatest common factor of z and 5?
5
Suppose 4*p - 197 - 103 = 0. What is the greatest common divisor of p and 15?
15
Suppose 450 = -0*l + 5*l. Let s = -3 - -2. Let v be -1 - -11 - (s + 1). Calculate the greatest common divisor of v and l.
10
Let s be (-4)/(-3) - 5385/(-45). Calculate the highest common factor of 11 and s.
11
Suppose -g + 5 = 4*g, 5 = 2*f - g. Suppose 108 = 9*n - f*n. Calculate the greatest common factor of n and 45.
9
Let j(l) = 12*l**2 + 2*l - 1. Let i be j(1). Let u(p) = 1 + 1 + 8*p - p**2 + 4. Let k be u(7). What is the greatest common divisor of k and i?
13
Suppose 0 = -0*l - 2*l. Let w(s) = -s + l*s + 3*s**2 - s**2. Let i be w(2). Calculate the greatest common factor of i and 3.
3
Suppose 0 = 6*t - 3*t - 225. Let w(m) = -m - 6. Let o be w(-6). Suppose -2*z - z - 15 = 0, 5*j + 5*z - 50 = o. What is the highest common factor of t and j?
15
Let w = -8 - -80. What is the highest common divisor of w and 180?
36
Let m = 0 + 2. Let u = 37 + m. Suppose 3*r = 2*r - d + 15, 3*r + d = u. What is the greatest common factor of 48 and r?
12
Let v(y) = y**2 - 4*y + 3. Let j be v(4). Suppose j*l + 3 = 9. Let n(k) = k**3 + k**2 + 2*k. Let r be n(l). What is the highest common factor of 8 and r?
8
Suppose -4*s = -50 + 10. Let f = -156 + 246. Calculate the greatest common factor of s and f.
10
Let j(r) = r**2 + r + 4. Let v be j(-4). Suppose 6*x = -5*d + 2*x + 10, 6 = 3*d + 4*x. Suppose -d*y - 3 = -35. Calculate the greatest common divisor of v and y.
16
Let j be (-2 + -12)/(-5 + 3). Suppose -2*c + j = 3*f, -f - 3*c = -0*f. What is the highest common factor of f and 3?
3
Let k(p) = p**3 - p**2 + 100. Let n be k(0). Calculate the highest common divisor of 10 and n.
10
Let x be 165/22*264/10. What is the highest common divisor of 18 and x?
18
Let m = -134 - -143. Calculate the greatest common factor of m and 153.
9
Suppose -3*a + 15 = -0*a. What is the greatest common divisor of a and 1?
1
Suppose -259 = -22*x + 15*x. Calculate the greatest common factor of 333 and x.
37
Let d(z) = z**3 + 9*z**2 - 10*z + 6. Let g be d(-10). Calculate the greatest common divisor of g and 48.
6
Suppose 3*f - 36 = -f. Let q = -8 - -9. What is the highest common factor of q and f?
1
Suppose -3*r - 6*h = -3*h - 75, -3*r + 45 = -3*h. What is the highest common factor of r and 40?
20
Let x(g) = -4*g**3 - 3*g**2 - 6*g. Let q be x(-3). Calculate the greatest common factor of q and 11.
11
Suppose -8*w = -9*w + 3. Suppose 0 = v - 85 + 1. Let x = v - 57. Calculate the greatest common divisor of x and w.
3
Let x = -17 + 47. What is the greatest common factor of 120 and x?
30
Let m(b) = 2*b**2 + 9*b + 5. Let l be m(-4). Calculate the greatest common divisor of l and 13.
1
Let n be 153/15 - (2 - 27/15). What is the highest common divisor of n and 20?
10
Suppose 5*f = 6*f - 4. What is the highest common divisor of f and 32?
4
Suppose -4*j + 27 = -j. Let a(g) = -g + 6. Let m be a(0). Let c be (-3*2)/(m/(-63)). Calculate the greatest common divisor of c and j.
9
Suppose -i + 14 = -7. Suppose 835 = 5*r - h, -2*h - 158 = -r - 0*r. What is the highest common factor of r and i?
21
Suppose -4*i + 0*q = -q - 44, -3*i + 48 = 3*q. Let s(j) = j + 2. Let c be s(4). Calculate the highest common factor of i and c.
6
Suppose -3*z = 3*b - 9, -3*b + 2*z = 2*b - 22. Let q = -1 - -3. Let d = 6 - q. What is the greatest common divisor of d and b?
4
Let b = -2 + 5. Suppose -h + 44 = b*h. Let v be 560/50 + 1/(-5). What is the greatest common divisor of h and v?
11
Let c(h) = h**2 + 6*h + 5. Let b be c(-6). Calculate the greatest common factor of b and 35.
5
Suppose 0 = 4*f + 5*z - 8, 0 = 2*f - 0*f + 3*z - 2. What is the greatest common divisor of f and 35?
7
Let m be ((-2)/(-6))/(1/12). Suppose 4*l = -4*i + 4 + 48, l - 46 = -m*i. What is the highest common divisor of i and 44?
11
Let l = 5 + -3. Suppose u - 2*v = 5, 1 = -l*u + 3*u + 2*v. Suppose u*j = -2*j + 495. What is the greatest common factor of 9 and j?
9
Suppose 3*j = 29 + 22. Suppose c + c + 10 = -2*w, 2*c + 3*w + 6 = 0. Let t = j + c. What is the highest common factor of t and 72?
8
Let i(n) = -n**3 + n**2 + 2*n + 1. Suppose 3 = -3*m - 0. Let v be i(m). Let w be 1 + -7*v/(-1). What is the greatest common divisor of w and 64?
8
Suppose j + 2 + 2 = 0. Let m be 2/j + 9/6. Let v be 2/m*(-1 - -2). Calculate the greatest common factor of v and 1.
1
Let j be 4 + (2 - (3 + -4)). Let p be 2/j + 76/28. Suppose p*q + 2*v = 248, -2*q - 3*v = -2*v - 164. Calculate the greatest common factor of 10 and q.
10
Let i = 7 + -16. Let x be 2/(2 + i/6). Suppose 3*f - 12 = 0, x*y - f = -0*f + 40. What is the highest common factor of y and 88?
11
Suppose 0*t - 104 = -3*v + 5*t, 0 = -4*v + 5*t + 132. Calculate the highest common divisor of v and 84.
28
Let c = -8 + 5. Let p(f) = -5*f - 1. Let g be p(c). Calculate the highest common factor of g and 42.
14
Suppose -2*i = -2*a - 32, 2*i = 7*i - 3*a - 80. Let z = 109 + -61. Calculate the highest common factor of z and i.
16
Let c(k) = -k**2 - 7*k + 5. Let q be c(-7). Suppose 0 = -2*x - q*r + 52 + 147, 3*x = 2*r + 346. Calculate the highest common divisor of x and 16.
16
Suppose 0 = d - 3. Let l(w) 